{"id":10,"date":"2020-01-19T13:14:37","date_gmt":"2020-01-19T13:14:37","guid":{"rendered":"http:\/\/bienen-wiese.de\/?page_id=10"},"modified":"2020-01-24T17:54:29","modified_gmt":"2020-01-24T17:54:29","slug":"im-einklang-mit-der-natur","status":"publish","type":"page","link":"https:\/\/www.bienen-wiese.de\/","title":{"rendered":"Im Einklang mit der Natur"},"content":{"rendered":"\n<div class=\"wp-block-media-text alignwide is-image-fill\"><figure class=\"wp-block-media-text__media\" style=\"background-image:url(http:\/\/bienen-wiese.de\/wp-content\/uploads\/2020\/01\/K\u00f6nigin-Foto-rotated.jpg);background-position:37.109375% 71.75294763901654%\"><img loading=\"lazy\" decoding=\"async\" width=\"480\" height=\"640\" src=\"http:\/\/bienen-wiese.de\/wp-content\/uploads\/2020\/01\/K\u00f6nigin-Foto-rotated.jpg\" alt=\"\" class=\"wp-image-676\" srcset=\"https:\/\/www.bienen-wiese.de\/wp-content\/uploads\/2020\/01\/K\u00f6nigin-Foto-rotated.jpg 480w, https:\/\/www.bienen-wiese.de\/wp-content\/uploads\/2020\/01\/K\u00f6nigin-Foto-225x300.jpg 225w\" sizes=\"(max-width: 480px) 100vw, 480px\" \/><\/figure><div class=\"wp-block-media-text__content\">\n<p>Wir sind die Freizeit-Imker Hannelore Rexroth und Martin Weyrauch und betreuen eine kleine Zahl von Bienenv\u00f6lkern auf unserer Streuobstwiese am Fu\u00dfe des Auerbacher Schlo\u00dfbergs an der Hessischen Bergstra\u00dfe.&nbsp;<\/p>\n\n\n\n<p>Eingerahmt von vielen Obstb\u00e4umen und Wildbeeren entstehen auch durch die Waldn\u00e4he jahreszeitlich unterschiedliche Honige in gro\u00dfer Vielfalt im Aroma, Konsistenz und Farbe.&nbsp;<\/p>\n\n\n\n<p>Von M\u00e4rz bis September finden die Bienen hier ein breites Angebot an Bl\u00fcten und k\u00f6nnen so vielf\u00e4ltig Nektar f\u00fcr Honig und Pollen f\u00fcr die eigene Gesundheit sammeln. Das macht unseren Honig so aromatisch, fruchtig und lecker.<\/p>\n<\/div><\/div>\n\n\n\n<div style=\"height:100px\" aria-hidden=\"true\" class=\"wp-block-spacer\"><\/div>\n\n\n\n<div class=\"wp-block-media-text alignwide is-image-fill\"><figure class=\"wp-block-media-text__media\" style=\"background-image:url(http:\/\/bienen-wiese.de\/wp-content\/uploads\/2020\/01\/IMG_5240-scaled-e1579673851561-1024x854.jpg);background-position:43.78109452736319% 23.202387491861977%\"><img loading=\"lazy\" decoding=\"async\" width=\"1024\" height=\"854\" src=\"http:\/\/bienen-wiese.de\/wp-content\/uploads\/2020\/01\/IMG_5240-scaled-e1579673851561-1024x854.jpg\" alt=\"\" class=\"wp-image-40\" srcset=\"https:\/\/www.bienen-wiese.de\/wp-content\/uploads\/2020\/01\/IMG_5240-scaled-e1579673851561-1024x854.jpg 1024w, https:\/\/www.bienen-wiese.de\/wp-content\/uploads\/2020\/01\/IMG_5240-scaled-e1579673851561-300x250.jpg 300w, https:\/\/www.bienen-wiese.de\/wp-content\/uploads\/2020\/01\/IMG_5240-scaled-e1579673851561-768x640.jpg 768w, https:\/\/www.bienen-wiese.de\/wp-content\/uploads\/2020\/01\/IMG_5240-scaled-e1579673851561-1536x1281.jpg 1536w, https:\/\/www.bienen-wiese.de\/wp-content\/uploads\/2020\/01\/IMG_5240-scaled-e1579673851561-1140x951.jpg 1140w, https:\/\/www.bienen-wiese.de\/wp-content\/uploads\/2020\/01\/IMG_5240-scaled-e1579673851561.jpg 2041w\" sizes=\"(max-width: 1024px) 100vw, 1024px\" \/><\/figure><div class=\"wp-block-media-text__content\">\n<p>Unser Honig ist ein Premium-Honig&nbsp;<br>und erf\u00fcllt die Qualit\u00e4tsrichtlinien des&nbsp;<br><a href=\"http:\/\/www.deutscherimkerbund.de\/index.php?qualitaetsrichtlinien-des-dib\" target=\"_blank\" rel=\"noreferrer noopener\">Deutschen Imkerbund e.V.<\/a>&nbsp;(<a href=\"http:\/\/www.deutscherimkerbund.de\/index.php?qualitaetsrichtlinien-des-dib\" target=\"_blank\" rel=\"noreferrer noopener\"><strong>D.I.B<\/strong><\/a>)<\/p>\n\n\n\n<ul><li>Cremiger Obstbl\u00fcten-Honig&nbsp;<\/li><li>Fr\u00fchlingsbl\u00fcten-Honig&nbsp;<\/li><li>Sommerbl\u00fcten-Honig<\/li><\/ul>\n\n\n\n<p>Wir sichern durch wiederholende Laboruntersuchungen die hohe Qualit\u00e4t unseres Honigs.<\/p>\n\n\n\n<p>Regelm\u00e4\u00dfig nehmen wir erfolgreich an der Honig-Pr\u00e4mierung des Landesverband Hessischer Imker statt. Unsere Honige sind lecker und vielfach ausgezeichnet.<\/p>\n<\/div><\/div>\n","protected":false},"excerpt":{"rendered":"<p>Wir sind die Freizeit-Imker Hannelore Rexroth und Martin Weyrauch und betreuen eine kleine Zahl von Bienenv\u00f6lkern auf unserer Streuobstwiese am Fu\u00dfe des Auerbacher Schlo\u00dfbergs an der Hessischen Bergstra\u00dfe.&nbsp; Eingerahmt von vielen Obstb\u00e4umen und Wildbeeren entstehen auch durch die Waldn\u00e4he jahreszeitlich unterschiedliche Honige in gro\u00dfer Vielfalt im Aroma, Konsistenz und Farbe.&nbsp; Von M\u00e4rz bis September finden die Bienen hier ein breites Angebot an Bl\u00fcten und k\u00f6nnen so vielf\u00e4ltig Nektar f\u00fcr Honig und Pollen f\u00fcr die eigene Gesundheit sammeln. Das macht unseren Honig so aromatisch, fruchtig und lecker. Unser Honig ist ein Premium-Honig&nbsp;und erf\u00fcllt die Qualit\u00e4tsrichtlinien des&nbsp;Deutschen Imkerbund e.V.&nbsp;(D.I.B) Cremiger Obstbl\u00fcten-Honig&nbsp; Fr\u00fchlingsbl\u00fcten-Honig&nbsp; Sommerbl\u00fcten-Honig Wir sichern durch wiederholende Laboruntersuchungen die hohe Qualit\u00e4t unseres Honigs. Regelm\u00e4\u00dfig nehmen wir erfolgreich an der Honig-Pr\u00e4mierung des Landesverband Hessischer Imker statt. Unsere Honige sind lecker und vielfach ausgezeichnet.<\/p>\n","protected":false},"author":1,"featured_media":0,"parent":0,"menu_order":0,"comment_status":"closed","ping_status":"closed","template":"","meta":{"footnotes":""},"_links":{"self":[{"href":"https:\/\/www.bienen-wiese.de\/index.php?rest_route=\/wp\/v2\/pages\/10"}],"collection":[{"href":"https:\/\/www.bienen-wiese.de\/index.php?rest_route=\/wp\/v2\/pages"}],"about":[{"href":"https:\/\/www.bienen-wiese.de\/index.php?rest_route=\/wp\/v2\/types\/page"}],"author":[{"embeddable":true,"href":"https:\/\/www.bienen-wiese.de\/index.php?rest_route=\/wp\/v2\/users\/1"}],"replies":[{"embeddable":true,"href":"https:\/\/www.bienen-wiese.de\/index.php?rest_route=%2Fwp%2Fv2%2Fcomments&post=10"}],"version-history":[{"count":12,"href":"https:\/\/www.bienen-wiese.de\/index.php?rest_route=\/wp\/v2\/pages\/10\/revisions"}],"predecessor-version":[{"id":844,"href":"https:\/\/www.bienen-wiese.de\/index.php?rest_route=\/wp\/v2\/pages\/10\/revisions\/844"}],"wp:attachment":[{"href":"https:\/\/www.bienen-wiese.de\/index.php?rest_route=%2Fwp%2Fv2%2Fmedia&parent=10"}],"curies":[{"name":"wp","href":"https:\/\/api.w.org\/{rel}","templated":true}]}}